e
Is 507391 a multiple of 89?
False
Does 126 divide 279823?
False
Is 6936133 a multiple of 667?
True
Is 306 a factor of 108324?
True
Does 14 divide 336849?
False
Is 8603496 a multiple of 2754?
True
Is 693248 a multiple of 64?
True
Is 7 a factor of 94006?
False
Does 8 divide 24950?
False
Is 117 a factor of 970420?
False
Is 204828 a multiple of 169?
True
Is 109272 a multiple of 696?
True
Is 720678 a multiple of 14?
True
Is 246729 a multiple of 160?
False
Is 9 a factor of 13446?
True
Does 99 divide 5651218?
False
Is 29844 a multiple of 280?
False
Is 38445 a multiple of 3?
True
Is 17 a factor of 1331848?
True
Does 16 divide 6152763?
False
Is 11965320 a multiple of 18?
True
Does 65 divide 58699?
False
Is 65 a factor of 546641?
False
Is 121865 a multiple of 41?
False
Is 194512 a multiple of 144?
False
Is 333 a factor of 100211?
False
Is 565 a factor of 20504806?
False
Does 175 divide 13180825?
True
Is 10 a factor of 137781?
False
Does 289 divide 621639?
True
Does 5 divide 163966?
False
Does 24 divide 2675907?
False
Is 31 a factor of 490916?
True
Is 4 a factor of 4408?
True
Is 292876 a multiple of 17?
True
Is 198 a factor of 7434907?
False
Is 137340 a multiple of 21?
True
Is 9 a factor of 56529?
True
Does 247 divide 1976247?
True
Is 109815 a multiple of 25?
False
Does 682 divide 283379?
False
Does 159 divide 1872861?
True
Does 67 divide 1084261?
True
Is 58 a factor of 59450?
True
Is 48 a factor of 5657088?
True
Does 154 divide 560415?
False
Is 164 a factor of 2006786?
False
Is 1326 a factor of 3021954?
True
Is 564 a factor of 655905?
False
Does 29 divide 2633229?
True
Is 9499199 a multiple of 802?
False
Is 29 a factor of 930639?
True
Is 2190294 a multiple of 18?
True
Is 3419816 a multiple of 8?
True
Does 34 divide 1031637?
False
Does 87 divide 1905757?
False
Is 16500 a multiple of 44?
True
Is 8 a factor of 15944?
True
Does 61 divide 3011753?
True
Is 10 a factor of 2680463?
False
Is 50 a factor of 2566700?
True
Is 154 a factor of 263802?
True
Is 47896 a multiple of 4?
True
Is 608247 a multiple of 9?
True
Is 15704756 a multiple of 1028?
True
Does 63 divide 105722?
False
Is 116 a factor of 452362?
False
Is 1962851 a multiple of 11?
True
Is 6 a factor of 8462?
False
Is 653 a factor of 1222843?
False
Is 286764 a multiple of 23?
True
Is 9289676 a multiple of 22?
True
Is 651525 a multiple of 119?
True
Is 77683 a multiple of 131?
True
Is 263958 a multiple of 41?
True
Is 3 a factor of 5592?
True
Is 79 a factor of 23542?
True
Does 1638 divide 1814904?
True
Is 15301164 a multiple of 13?
False
Does 813 divide 4363421?
False
Does 7 divide 17325?
True
Is 3155140 a multiple of 23?
True
Does 185 divide 3076180?
True
Does 799 divide 312138?
False
Is 1046054 a multiple of 563?
True
Is 4 a factor of 59275?
False
Is 15574 a multiple of 26?
True
Is 1432069 a multiple of 10?
False
Does 19 divide 235106?
True
Does 1475 divide 2731700?
True
Is 16 a factor of 90224?
True
Is 58314 a multiple of 6?
True
Does 16 divide 7358?
False
Is 14 a factor of 55139?
False
Is 1553720 a multiple of 217?
True
Is 646992 a multiple of 21?
False
Is 334 a factor of 263457?
False
Does 128 divide 859648?
True
Is 6087508 a multiple of 348?
False
Is 145735 a multiple of 45?
False
Does 882 divide 1219806?
True
Is 26933 a multiple of 119?
False
Is 1280070 a multiple of 10?
True
Does 644 divide 8348224?
False
Is 5898 a multiple of 11?
False
Is 81 a factor of 3907515?
False
Is 41 a factor of 26404?
True
Is 110934 a multiple of 9?
True
Is 585 a factor of 1138995?
True
Is 137 a factor of 56855?
True
Is 12 a factor of 9209616?
True
Is 1007318 a multiple of 87?
False
Does 15 divide 825801?
False
Is 127713 a multiple of 382?
False
Is 7633 a multiple of 2?
False
Is 30 a factor of 19961?
False
Is 125 a factor of 168000?
True
Does 83 divide 47808?
True
Does 84 divide 18162709?
False
Does 772 divide 1355809?
False
Does 232 divide 223524?
False
Is 557951 a multiple of 2?
False
Does 7 divide 3442621?
True
Is 425374 a multiple of 5?
False
Is 11697320 a multiple of 377?
False
Is 928 a factor of 2057923?
False
Is 1484101 a multiple of 10?
False
Does 68 divide 98874?
False
Is 336 a factor of 475815?
False
Is 127493 a multiple of 7?
False
Is 23 a factor of 4598206?
True
Does 314 divide 6980276?
False
Is 265 a factor of 187072?
False
Is 128814 a multiple of 22?
False
Does 6 divide 5557164?
True
Does 138 divide 1007400?
True
Does 561 divide 126326?
False
Does 711 divide 1145421?
True
Does 258 divide 252390?
False
Does 1386 divide 783635?
False
Is 2352487 a multiple of 43?
True
Is 68 a factor of 88808?
True
Is 427701 a multiple of 474?
False
Does 529 divide 5283652?
True
Is 203 a factor of 6243948?
False
Does 2 divide 39280?
True
Does 384 divide 11430?
False
Is 64261 a multiple of 179?
True
Is 212616 a multiple of 36?
True
Is 22 a factor of 211599?
False
Does 142 divide 4770064?
True
Does 107 divide 254018?
True
Is 3601317 a multiple of 57?
True
Is 151640 a multiple of 34?
True
Is 40484 a multiple of 4?
True
Is 57506 a multiple of 3?
False
Is 595 a factor of 1617651?
False
Is 41 a factor of 2946781?
False
Does 15 divide 22160?
False
Does 173 divide 222373?
False
Does 34 divide 257231?
False
Is 53 a factor of 7921040?
False
Is 13 a factor of 737490?
True
Does 49 divide 11760?
True
Is 1087900 a multiple of 55?
True
Is 5502670 a multiple of 25?
False
Does 142 divide 51335?
False
Is 140 a factor of 82460?
True
Does 5 divide 112474?
False
Does 2 divide 71581?
False
Is 482401 a multiple of 16?
False
Is 1680 a factor of 418320?
True
Is 21 a factor of 11789967?
True
Is 46 a factor of 2081121?
False
Is 17 a factor of 186958?
False
Is 45942 a multiple of 64?
False
Is 172 a factor of 937228?
True
Does 219 divide 3931050?
True
Is 303 a factor of 1559238?
True
Does 43 divide 3669870?
False
Does 88 divide 118096?
True
Is 100 a factor of 1301700?
True
Does 209 divide 12396098?
False
Does 248 divide 248739?
False
Does 95 divide 1613708?
False
Does 50 divide 2589794?
False
Does 104 divide 53664?
True
Is 45880 a multiple of 17?
False
Is 5010096 a multiple of 16?
True
Is 1131065 a multiple of 713?
False
Is 7780330 a multiple of 7?
False
Does 164 divide 266473?
False
Is 78 a factor of 208835?
False
Is 798592 a multiple of 34?
True
Is 807 a factor of 5117443?
False
Does 118 divide 153264?
False
Is 120 a factor of 772080?
True
Is 289779 a multiple of 21?
True
Does 24 divide 62750?
False
Is 2 a factor of 1782230?
True
Is 12996346 a multiple of 11?
True
Is 13 a factor of 247728?
True
Does 222 divide 109224?
True
Does 1154 divide 2366854?
True
Does 237 divide 883594?
False
Is 4583700 a multiple of 30?
True
Does 40 divide 86360?
True
Is 69 a factor of 5264575?
False
Is 10 a factor of 110340?
True
Is 218232 a multiple of 252?
True
Is 18 a factor of 18602154?
True
Is 57414 a multiple of 31?
False
Is 5984976 a multiple of 201?
True
Is 25 a factor of 196542?
False
Does 19 divide 107731?
False
Is 19 a factor of 5906207?
True
Does 38 divide 3434965?
False
Does 27 divide 233226?
True
Is 546709 a multiple of 32?
False
Does 172 divide 16179?
False
Does 416 divide 35475?
False
Does 5 divide 115790?
True
Is 10 a factor of 3272912?
False
Does 128 divide 2884864?
True
Is 44 a factor of 748782?
False
Is 329042 a multiple of 197?
False
Is 29 a factor of 6647120?
False
Is 7 a factor of 80659?
False
Is 110690 a multiple of 10?
True
Does 104 divide 717912?
True
Is 55 a factor of 699600?
True
Does 72 divide 1167319?
False
Does 14 divide 151945?
False
Is 12014 a multiple of 15?
False
Is 37 a factor of 257525?
False
Does 154 divide 7221485?
False
Is 72 a factor of 216977?
False
Does 152 divide 564829?
False
Is 218812 a multiple of 44?
True
Is 615405 a multiple of 105?
True
Is 32 a factor of 7991040?
True
Is 9911991 a multiple of 420?
False
Is 1162545 a multiple of 85?
True
Does 25 divide 152475?
True
Is 63 a factor of 196875?
True
Is 720822 a multiple of 19?
True
Is 1088 a multiple of 4?
True
Is 8533 a multiple of 23?
True
Is 375 a factor of 231375?
True
Does 85 divide 551482?
False
Does 120 divide 156600?
True
Does 78 divide 461135?
False
Does 587 divide 2637391?
True
Does 3 divide 835444?
False
Does 5 divide 314225?
True
Is 47040 a multiple of 80?
True
Is 259 a factor of 2905450?
False
Is 690014 a multiple of 26?
True
Does 41 divide 4047971?
True
Is 57 a factor